ide 27208038?
True
Is 29 a factor of 246063426?
False
Is 733244738 a multiple of 278?
True
Does 64 divide 751479516?
False
Is 76 a factor of 862777156?
True
Is 175 a factor of 1045399075?
True
Is 28 a factor of 12692789?
False
Is 508 a factor of 43500266?
False
Does 37 divide 976423673?
True
Is 298 a factor of 39411990?
True
Is 151467204 a multiple of 383?
False
Is 53366804 a multiple of 4?
True
Is 1234 a factor of 832643968?
True
Is 76 a factor of 10243052?
True
Does 23 divide 389345198?
False
Is 50 a factor of 25978400?
True
Does 102 divide 562635470?
False
Is 410 a factor of 892270290?
True
Does 832 divide 1536136576?
True
Is 71239518 a multiple of 24?
False
Is 22 a factor of 43457290?
False
Is 61362753 a multiple of 60?
False
Does 17 divide 51933372?
False
Is 3267013089 a multiple of 343?
False
Does 3648 divide 292168864?
False
Is 18 a factor of 1865459899?
False
Is 10 a factor of 7701050?
True
Is 219428657 a multiple of 1965?
False
Does 12 divide 1042905144?
True
Is 6 a factor of 433277556?
True
Is 59476020 a multiple of 73?
True
Is 608479664 a multiple of 52?
True
Is 342 a factor of 17658486?
True
Is 862920 a multiple of 72?
True
Is 78 a factor of 31190551?
False
Does 7 divide 47139140?
False
Is 1294 a factor of 380592043?
False
Is 47 a factor of 15797123?
True
Does 65 divide 27094145?
True
Is 517 a factor of 49558586?
True
Does 35 divide 36954603?
False
Does 202 divide 135130930?
True
Is 375 a factor of 943126676?
False
Does 104 divide 1757288?
True
Is 1565 a factor of 421460358?
False
Is 23 a factor of 52365802?
True
Does 574 divide 17768744?
True
Is 3 a factor of 268819359?
True
Is 280 a factor of 101549750?
False
Does 580 divide 319752496?
False
Is 696 a factor of 85640712?
True
Is 729 a factor of 209506581?
True
Is 62 a factor of 18761944?
True
Does 39 divide 794723524?
False
Does 118 divide 163329082?
False
Is 4702022 a multiple of 115?
False
Does 4953 divide 770289719?
False
Is 883558973 a multiple of 29?
False
Does 97 divide 2412407169?
True
Does 10 divide 34847045?
False
Does 57 divide 43269992?
False
Is 26565350 a multiple of 14?
True
Is 226 a factor of 139771498?
False
Is 61 a factor of 139845870?
False
Is 16 a factor of 34272209?
False
Does 143 divide 201046560?
True
Is 13757775 a multiple of 233?
False
Does 163 divide 181625358?
True
Is 26515315 a multiple of 613?
True
Does 495 divide 230765345?
False
Is 40 a factor of 5358000?
True
Is 53 a factor of 53677711?
True
Does 36 divide 11408364?
True
Does 72 divide 6722857?
False
Does 22 divide 44016666?
False
Does 2780 divide 1779084303?
False
Is 576090631 a multiple of 748?
False
Is 27746130 a multiple of 15?
True
Does 985 divide 1800848905?
True
Is 242447490 a multiple of 13686?
True
Is 219 a factor of 242260433?
False
Is 19 a factor of 1033362928?
False
Is 1885 a factor of 1412567471?
False
Is 16 a factor of 163648496?
True
Is 49 a factor of 3890845?
True
Is 1113 a factor of 52255350?
True
Is 171 a factor of 50595993?
True
Does 22 divide 19401011?
False
Is 522314554 a multiple of 2579?
True
Is 2005499493 a multiple of 3307?
False
Is 1470535 a multiple of 55?
True
Does 854 divide 1588491365?
False
Is 2038977268 a multiple of 43?
True
Is 77 a factor of 2370564774?
False
Is 46457824 a multiple of 112?
True
Does 8 divide 30211957?
False
Does 10 divide 629356350?
True
Is 330111683 a multiple of 259?
False
Is 66799425 a multiple of 473?
True
Is 666660330 a multiple of 35?
True
Is 7734812 a multiple of 154?
False
Is 28615212 a multiple of 285?
False
Does 4752 divide 427680000?
True
Is 2484614990 a multiple of 4693?
True
Does 139 divide 29546300?
False
Is 1426 a factor of 40442786?
True
Does 84 divide 112722919?
False
Does 19 divide 25790106?
True
Does 83 divide 104279955?
True
Does 99 divide 1161049824?
True
Is 301 a factor of 77004959?
False
Is 1491 a factor of 80206253?
False
Is 23 a factor of 60220647?
True
Does 914 divide 3642883588?
False
Is 5831915 a multiple of 12?
False
Does 220 divide 7515188?
False
Is 8494827 a multiple of 208?
False
Is 1706712453 a multiple of 287?
False
Does 23 divide 157786532?
True
Is 475380 a multiple of 12?
True
Is 20595473 a multiple of 701?
False
Is 1781675 a multiple of 710?
False
Is 478846476 a multiple of 23?
True
Is 10656516 a multiple of 116?
False
Is 7142 a factor of 1958763108?
False
Does 21 divide 100997106?
True
Is 1390504122 a multiple of 476?
False
Does 53 divide 109705316?
False
Is 316317436 a multiple of 54?
False
Is 10 a factor of 17728517?
False
Is 18 a factor of 6353689?
False
Is 28094939 a multiple of 807?
False
Is 965 a factor of 30782400?
False
Does 1188 divide 332202270?
False
Does 267 divide 2725536?
True
Does 124 divide 83648163?
False
Is 1580406171 a multiple of 77?
False
Is 4225 a factor of 12332775?
True
Is 15855657 a multiple of 351?
False
Is 56774994 a multiple of 23?
True
Does 3264 divide 781017686?
False
Is 9 a factor of 9639279?
True
Is 12 a factor of 47748595?
False
Is 380016322 a multiple of 52?
False
Is 53394864 a multiple of 1016?
True
Is 984946732 a multiple of 154?
True
Does 244 divide 63848482?
False
Is 1710089781 a multiple of 386?
False
Does 42 divide 23163210?
True
Is 2646 a factor of 114517993?
False
Is 28 a factor of 4090184?
True
Does 914 divide 14980460?
True
Is 3057 a factor of 391676856?
False
Is 25404834 a multiple of 6?
True
Does 551 divide 25250525?
False
Is 1761 a factor of 277905077?
False
Is 483 a factor of 170142694?
False
Is 204 a factor of 399421127?
False
Does 11 divide 142908843?
True
Is 6704129 a multiple of 161?
False
Is 76547482 a multiple of 4877?
False
Is 49 a factor of 180697584?
False
Does 28 divide 392419328?
True
Does 19 divide 872285053?
False
Is 3842 a factor of 170889155?
False
Does 347 divide 646871501?
True
Is 68 a factor of 399458248?
True
Does 3318 divide 25432058?
False
Is 529689292 a multiple of 727?
True
Is 13 a factor of 184340667?
False
Is 1116 a factor of 28752373?
False
Is 165603072 a multiple of 768?
True
Is 10 a factor of 130515992?
False
Does 785 divide 13046119?
False
Is 102 a factor of 23926966?
False
Is 852 a factor of 446896152?
True
Does 763 divide 1777564915?
True
Is 183189400 a multiple of 2610?
False
Is 181 a factor of 4201146118?
False
Is 1794562652 a multiple of 251?
True
Is 358 a factor of 32885887?
False
Is 687127248 a multiple of 24?
True
Does 368 divide 1983568208?
True
Is 25 a factor of 183312725?
True
Does 106 divide 3680721710?
False
Is 14 a factor of 1336230?
True
Is 5465185 a multiple of 11?
True
Is 32 a factor of 12018368?
True
Is 347790714 a multiple of 1268?
False
Does 563 divide 37167704?
False
Does 688 divide 120796573?
False
Does 105 divide 602833560?
True
Is 20265792 a multiple of 48?
True
Is 35 a factor of 141781713?
False
Does 237 divide 95580634?
False
Does 7428 divide 510192430?
False
Is 121520848 a multiple of 53?
False
Is 1640 a factor of 1423494909?
False
Is 9 a factor of 153829809?
True
Is 22194447 a multiple of 3?
True
Does 11069 divide 91241767?
True
Does 61 divide 5086241?
True
Is 759277289 a multiple of 9?
False
Is 1245316 a multiple of 99?
False
Is 824 a factor of 556267568?
True
Does 3172 divide 76556220?
True
Does 961 divide 650182922?
False
Is 141 a factor of 11943969?
True
Is 554633976 a multiple of 1110?
False
Is 546375471 a multiple of 178?
False
Is 926 a factor of 3079667533?
False
Is 6 a factor of 3555687?
False
Is 463 a factor of 119729635?
False
Is 2 a factor of 14333349?
False
Is 11 a factor of 1227080382?
True
Is 279145316 a multiple of 268?
True
Is 11 a factor of 2880845?
True
Is 155 a factor of 3538437650?
True
Is 1619697960 a multiple of 8392?
True
Is 1682200852 a multiple of 508?
True
Is 326 a factor of 30407324?
True
Is 614 a factor of 180891768?
True
Does 350 divide 25554200?
True
Is 21 a factor of 147148575?
True
Is 902605572 a multiple of 2?
True
Is 330169 a multiple of 4?
False
Is 8 a factor of 101704492?
False
Is 276234497 a multiple of 250?
False
Does 437 divide 8238803?
False
Is 5 a factor of 356678586?
False
Is 9 a factor of 146359962?
True
Does 1155 divide 89714625?
True
Is 608 a factor of 48664320?
True
Is 56 a factor of 1907618?
False
Is 79 a factor of 8964367?
True
Is 11984625 a multiple of 27?
True
Does 10 divide 74298457?
False
Is 97156980 a multiple of 60?
True
Does 108 divide 4837044924?
True